{"id":55,"date":"2024-06-20T10:55:51","date_gmt":"2024-06-20T08:55:51","guid":{"rendered":"https:\/\/lyceelespierresvives.fr\/?page_id=55"},"modified":"2025-03-27T14:09:01","modified_gmt":"2025-03-27T13:09:01","slug":"faq-vie-scolaire","status":"publish","type":"page","link":"https:\/\/lyceelespierresvives.fr\/?page_id=55","title":{"rendered":"FAQ &#8211; Vie scolaire"},"content":{"rendered":"<h3 class=\"wp-block-heading has-text-align-center has-base-color has-custom-color-1-background-color has-text-color has-background has-link-color wp-elements-337a7c5744ac0a4c3cfdd7b07ebae619\">Absence<\/h3><details class=\"wp-block-details is-layout-flow wp-block-details-is-layout-flow\" style=\"font-style:normal;font-weight:700\"><summary>Comment avertir pour une absence pr\u00e9vue ?<\/summary><ul style=\"font-weight:normal;color:#909090;\">\n<li>Sur PC : connectez-vous \u00e0 <a href=\"https:\/\/0781860y.index-education.net\/pronote\/\" target=\"_blank\" rel=\"noreferrer noopener\">Pronote<\/a>, puis allez dans l&rsquo;onglet <strong>Vie Scolaire<\/strong>. S\u00e9lectionnez ensuite <strong>Carnet<\/strong>, puis <strong>Pr\u00e9venir une absence<\/strong>.<br><br><\/li>\n<li>Sur t\u00e9l\u00e9phone : connectez-vous \u00e0 l&rsquo;application Pronote, puis cliquez sur <strong>Contacter la vie scolaire<\/strong> sur la page d&rsquo;accueil.<\/li>\n<\/ul>\n<p style=\"font-weight:normal;color:#909090;\">Pour une absence longue (sup\u00e9rieure \u00e0 une semaine), merci de pr\u00e9venir la CPE de votre enfant qui pourra avertir l\u2019\u00e9quipe p\u00e9dagogique de cette absence.<\/p><\/details><details class=\"wp-block-details is-layout-flow wp-block-details-is-layout-flow\" style=\"font-style:normal;font-weight:700\"><summary>Comment justifier une absence ?<\/summary><p style=\"font-weight:normal;color:#909090;\">Cliquez <a href=\"https:\/\/www.index-education.com\/fr\/tutoriels-video-pronote-personnels-687-26-justifier-une-absence-espace-parents.php\" target=\"_blank\" rel=\"noreferrer noopener\">ici<\/a> pour visualiser la vid\u00e9o explicative. Merci d\u2019ajouter en pi\u00e8ce jointe <strong>tous les documents<\/strong> qui vous semblent n\u00e9cessaires. Huit motifs d\u2019absences sont disponibles. Vous pouvez \u00e9galement ajouter des commentaires.<\/p><\/details><details class=\"wp-block-details is-layout-flow wp-block-details-is-layout-flow\" style=\"font-style:normal;font-weight:700\"><summary>Quand doit-on justifier une absence ?<\/summary><p style=\"font-weight:normal;color:#909090;\">Le r\u00e8glement int\u00e9rieur pr\u00e9cise que les parents doivent justifier <strong>d\u00e8s le retour de l\u2019\u00e9l\u00e8ve en cours<\/strong>.<\/p><\/details><details class=\"wp-block-details is-layout-flow wp-block-details-is-layout-flow\" style=\"font-style:normal;font-weight:700\"><summary>Quand sait-on que le motif pour justifier une absence est accept\u00e9 ou non ?<\/summary><p style=\"font-weight:normal;color:#909090;\">Un d\u00e9lai de 48 heures maximum est n\u00e9cessaire pour que la vie scolaire accepte ou non le motif donn\u00e9 par la famille. Cette acceptation cl\u00f4t administrativement cette absence.<\/p><\/details><details class=\"wp-block-details is-layout-flow wp-block-details-is-layout-flow\" style=\"font-style:normal;font-weight:700\"><summary>Mon enfant a \u00e9t\u00e9 marqu\u00e9 absent sur Pronote alors qu&rsquo;il \u00e9tait pr\u00e9sent en cours. Que dois-je faire ?<\/summary><p style=\"font-weight:normal;color:#909090;\">Ce sont les professeurs qui inscrivent les \u00e9l\u00e8ves absents sur Pronote. Ainsi, si votre enfant conteste une absence, il doit se rapprocher de son professeur. Si le professeur a fait une erreur, il pr\u00e9viendra la vie scolaire et l\u2019absence sera retir\u00e9e.<\/p><\/details><div style=\"height:10px\" aria-hidden=\"true\" class=\"wp-block-spacer\"><\/div><h3 class=\"wp-block-heading has-text-align-center has-base-color has-custom-color-1-background-color has-text-color has-background has-link-color wp-elements-db575743f4d93c20813d9cfca00b5ae2\">Dispense<\/h3><details class=\"wp-block-details is-layout-flow wp-block-details-is-layout-flow\" style=\"font-style:normal;font-weight:700\"><summary>Comment fonctionnent les dispenses d&rsquo;EPS ?<\/summary><p style=\"font-weight:normal;color:#909090;\">Qu\u2019elle soit ponctuelle ou de longue dur\u00e9e, une dispense doit toujours \u00eatre vis\u00e9e par le professeur d\u2019EPS de votre enfant. En effet, un cours adapt\u00e9 ou sans participation active (ex : arbitrage, etc) peut \u00eatre propos\u00e9 par l\u2019enseignant. Une fois la dispense accept\u00e9e et sign\u00e9e par le professeur, votre enfant doit la d\u00e9poser \u00e0 la vie scolaire et cette derni\u00e8re sera inscrite sur Pronote.\n<\/p><\/details><h3 class=\"wp-block-heading has-text-align-center has-base-color has-custom-color-1-background-color has-text-color has-background has-link-color wp-elements-bd5f23453a9a88a643c4f085eca1d554\">R\u00e9cup\u00e9ration des bulletins et relev\u00e9s de notes<\/h3><p><\/p><p>Les bulletins sont \u00e0 t\u00e9l\u00e9charger directement sur Pronote. Ils disparaissent \u00e0 la fin de chaque ann\u00e9e scolaire. Il est absolument n\u00e9cessaire de <a href=\"https:\/\/docs.index-education.com\/docs_fr\/fr-pronote-support-fiche-921-3518-comment-imprimer-le-bulletin.php\">t\u00e9l\u00e9charger vos bulletins<\/a> sur Pronote avant la fin de l&rsquo;ann\u00e9e scolaire. <\/p><p>Si vous avez quitt\u00e9 l&rsquo;\u00e9tablissement, et que vous souhaitez r\u00e9cup\u00e9rer un bulletin vous pouvez vous adresser au <a href=\"https:\/\/lyceelespierresvives.fr\/?page_id=92\">secr\u00e9tariat scolarit\u00e9<\/a>. Nous ne garantissons pas la conservation des bulletins ant\u00e9rieures. <\/p><p>Si vous avez \u00e9gar\u00e9 votre relev\u00e9 de notes au baccalaur\u00e9at ou votre dipl\u00f4me du baccalaur\u00e9at, le lyc\u00e9e n&rsquo;en a conserv\u00e9 aucune copie. Vous devez vous tourner directement vers le <a href=\"https:\/\/siec.education.fr\/contactez-nous\">SIEC<\/a>. <\/p><p><\/p>","protected":false},"excerpt":{"rendered":"<p>Absence Dispense R\u00e9cup\u00e9ration des bulletins et relev\u00e9s de notes Les bulletins sont \u00e0 t\u00e9l\u00e9charger directement sur Pronote. Ils disparaissent \u00e0 la fin de chaque ann\u00e9e scolaire. Il est absolument n\u00e9cessaire de t\u00e9l\u00e9charger vos bulletins sur Pronote avant la fin de l&rsquo;ann\u00e9e scolaire. Si vous avez quitt\u00e9 l&rsquo;\u00e9tablissement, et que vous souhaitez r\u00e9cup\u00e9rer un bulletin vous [&hellip;]<\/p>\n","protected":false},"author":1,"featured_media":0,"parent":0,"menu_order":6200,"comment_status":"closed","ping_status":"closed","template":"","meta":{"inline_featured_image":false,"footnotes":""},"class_list":["post-55","page","type-page","status-publish","hentry"],"_links":{"self":[{"href":"https:\/\/lyceelespierresvives.fr\/index.php?rest_route=\/wp\/v2\/pages\/55","targetHints":{"allow":["GET"]}}],"collection":[{"href":"https:\/\/lyceelespierresvives.fr\/index.php?rest_route=\/wp\/v2\/pages"}],"about":[{"href":"https:\/\/lyceelespierresvives.fr\/index.php?rest_route=\/wp\/v2\/types\/page"}],"author":[{"embeddable":true,"href":"https:\/\/lyceelespierresvives.fr\/index.php?rest_route=\/wp\/v2\/users\/1"}],"replies":[{"embeddable":true,"href":"https:\/\/lyceelespierresvives.fr\/index.php?rest_route=%2Fwp%2Fv2%2Fcomments&post=55"}],"version-history":[{"count":34,"href":"https:\/\/lyceelespierresvives.fr\/index.php?rest_route=\/wp\/v2\/pages\/55\/revisions"}],"predecessor-version":[{"id":2250,"href":"https:\/\/lyceelespierresvives.fr\/index.php?rest_route=\/wp\/v2\/pages\/55\/revisions\/2250"}],"wp:attachment":[{"href":"https:\/\/lyceelespierresvives.fr\/index.php?rest_route=%2Fwp%2Fv2%2Fmedia&parent=55"}],"curies":[{"name":"wp","href":"https:\/\/api.w.org\/{rel}","templated":true}]}}