{"id":34,"date":"2024-06-20T10:55:20","date_gmt":"2024-06-20T08:55:20","guid":{"rendered":"https:\/\/lyceelespierresvives.fr\/?page_id=34"},"modified":"2025-01-06T12:53:24","modified_gmt":"2025-01-06T11:53:24","slug":"faq-admission","status":"publish","type":"page","link":"https:\/\/lyceelespierresvives.fr\/?page_id=34","title":{"rendered":"FAQ &#8211; Admission"},"content":{"rendered":"<h3 class=\"wp-block-heading has-text-align-center has-base-color has-custom-color-1-background-color has-text-color has-background has-link-color wp-elements-75722b321d6a2a553dbb51f190906e90\">Seconde<\/h3><details class=\"wp-block-details is-layout-flow wp-block-details-is-layout-flow\" style=\"font-style:normal;font-weight:700\"><summary>Comment postuler au lyc\u00e9e Les Pierres Vives pour une entr\u00e9e en Seconde ?<\/summary><p style=\"font-weight:normal;color:#909090;\">L&rsquo;inscription se fait au troisi\u00e8me trimestre de Troisi\u00e8me via l&rsquo;application <a href=\"https:\/\/educonnect.education.gouv.fr\/idp\/profile\/SAML2\/Redirect\/SSO?execution=e1s1\" target=\"_blank\" rel=\"noreferrer noopener\">EduConnect<\/a>. Se rapprocher de son coll\u00e8ge.<\/p><\/details><details class=\"wp-block-details is-layout-flow wp-block-details-is-layout-flow\" style=\"font-style:normal;font-weight:700\"><summary>Quelle est la diff\u00e9rence entre affectation et inscription ?<\/summary><ul style=\"font-weight:normal;color:#909090;\">\n<li>L&rsquo;affectation est le r\u00e9sultat affich\u00e9 sur <a href=\"https:\/\/educonnect.education.gouv.fr\/idp\/profile\/SAML2\/Redirect\/SSO?execution=e1s1\" target=\"_blank\" rel=\"noreferrer noopener\">EduConnect<\/a> et <strong>ne vaut pas<\/strong> inscription dans l&rsquo;\u00e9tablissement.<br><br><\/li>\n<li>L&rsquo;inscription sera finalis\u00e9e lorsque les d\u00e9marches administratives aupr\u00e8s du lyc\u00e9e auront \u00e9t\u00e9 faites (voir les dates sur la <a href='https:\/\/lyceelespierresvives.fr\/' target='_blank'>page d&rsquo;accueil<\/a> du lyc\u00e9e).<\/li>\n<\/ul><\/details><details class=\"wp-block-details is-layout-flow wp-block-details-is-layout-flow\" style=\"font-style:normal;font-weight:700\"><summary>Quand a lieu l&rsquo;inscription administrative au lyc\u00e9e Les Pierres Vives ?<\/summary><p style=\"font-weight:normal;color:#909090;\">L&rsquo;inscription administrative a lieu apr\u00e8s les r\u00e9sultats d&rsquo;affectation sur <a href=\"https:\/\/educonnect.education.gouv.fr\/idp\/profile\/SAML2\/Redirect\/SSO?execution=e1s1\" target=\"_blank\" rel=\"noreferrer noopener\">EduConnect<\/a>. Les dates et les modalit\u00e9s seront affich\u00e9es sur la <a href='https:\/\/lyceelespierresvives.fr\/' target='_blank'>page d&rsquo;accueil<\/a> du lyc\u00e9e.<\/p><\/details><details class=\"wp-block-details is-layout-flow wp-block-details-is-layout-flow\" style=\"font-style:normal;font-weight:700\"><summary>Quand dois-je choisir une fili\u00e8re ?<\/summary><p style=\"font-weight:normal;color:#909090;\">Le choix de la fili\u00e8re se fait lors de la validation sur <a href=\"https:\/\/educonnect.education.gouv.fr\/idp\/profile\/SAML2\/Redirect\/SSO?execution=e1s1\" target=\"_blank\" rel=\"noreferrer noopener\">EduConnect<\/a>. Il y a trois choix possibles :<\/p>\n<ul style=\"font-weight:normal;color:#909090;\">\n<li>Seconde g\u00e9n\u00e9rale et technologique ;<br><br><\/li>\n<li>Seconde g\u00e9n\u00e9rale et technologique Euro Allemand ;<br><br><\/li>\n<li>Seconde g\u00e9n\u00e9rale et technologique Musique.<\/li>\n<\/ul><\/details><details class=\"wp-block-details is-layout-flow wp-block-details-is-layout-flow\" style=\"font-style:normal;font-weight:700\"><summary>Quand dois-je choisir mes options ?<\/summary><p style=\"font-weight:normal;color:#909090;\">Lors de l&rsquo;inscription administrative, l&rsquo;\u00e9l\u00e8ve pourra choisir des options. Les choix possibles sont accessibles sur cette <a href=\"https:\/\/lyceelespierresvives.fr\/?page_id=827\" target=\"_blank\" rel=\"noreferrer noopener\">page<\/a>.<\/p><\/details><details class=\"wp-block-details is-layout-flow wp-block-details-is-layout-flow\" style=\"font-style:normal;font-weight:700\"><summary>Quand dois-je choisir mes modules p\u00e9ri-\u00e9ducatifs ?<\/summary><p style=\"font-weight:normal;color:#909090;\">Lors de la rentr\u00e9e scolaire et en fonction de la date d&rsquo;ouverture des modules, l&rsquo;\u00e9l\u00e8ve pourra choisir un ou plusieurs modules p\u00e9ri-\u00e9ducatifs dont la liste est accessible sur cette <a href=\"https:\/\/lyceelespierresvives.fr\/?page_id=174\" target=\"_blank\" rel=\"noreferrer noopener\">page<\/a>.<\/p><\/details><div style=\"height:10px\" aria-hidden=\"true\" class=\"wp-block-spacer\"><\/div><h3 class=\"wp-block-heading has-text-align-center has-base-color has-custom-color-1-background-color has-text-color has-background has-link-color wp-elements-f6a7e16725324559207c7a7f6c019d8b\">Premi\u00e8re et Terminale (voie g\u00e9n\u00e9rale)<\/h3><details class=\"wp-block-details is-layout-flow wp-block-details-is-layout-flow\" style=\"font-style:normal;font-weight:700\"><summary>Comment s&rsquo;inscrire en Premi\u00e8re ou Terminale g\u00e9n\u00e9rale au lyc\u00e9e Les Pierres Vives ?<\/summary><ul style=\"font-weight:normal;color:#909090;\">\n<li><strong>L&rsquo;\u00e9l\u00e8ve est d\u00e9j\u00e0 inscrit au lyc\u00e9e Les Pierres Vives :<\/strong> l&rsquo;affectation est de droit. Les informations seront fournies en fin d&rsquo;ann\u00e9e.<br><br><\/li>\n<li><strong>L&rsquo;\u00e9l\u00e8ve n&rsquo;est pas d\u00e9j\u00e0 inscrit au lyc\u00e9e Les Pierres Vives :<\/strong> il faut prendre rendez-vous aupr\u00e8s du <a href=\"https:\/\/lyceelespierresvives.fr\/?page_id=92&amp;contact_administration=alexandra.picquenot@ac-versailles.fr\" target=\"_blank\" rel=\"noreferrer noopener\">secr\u00e9tariat de direction<\/a>.<\/li>\n<\/ul><\/details><div style=\"height:10px\" aria-hidden=\"true\" class=\"wp-block-spacer\"><\/div><h3 class=\"wp-block-heading has-text-align-center has-base-color has-custom-color-1-background-color has-text-color has-background has-link-color wp-elements-b518c99acfb6c2c9d618176ea5d39a93\">Premi\u00e8re et Terminale (voie STI2D)<\/h3><details class=\"wp-block-details is-layout-flow wp-block-details-is-layout-flow\" style=\"font-style:normal;font-weight:700\"><summary>Comment s&rsquo;inscrire en Premi\u00e8re STI2D au lyc\u00e9e Les Pierres Vives ?<\/summary><ul style=\"font-weight:normal;color:#909090;\">\n<li>La demande de la fili\u00e8re STI2D doit \u00eatre formul\u00e9e sur <a href=\"https:\/\/educonnect.education.gouv.fr\/idp\/profile\/SAML2\/Redirect\/SSO?execution=e1s1\" target=\"_blank\" rel=\"noreferrer noopener\">EduConnect<\/a> lors des voeux de fin de Seconde.<br><br><\/li>\n<li>En parall\u00e8le, la fiche papier de recueil des voeux permettant \u00e0 l&rsquo;\u00e9l\u00e8ve de classer par ordre de pr\u00e9f\u00e9rence ses voeux doit \u00eatre compl\u00e9t\u00e9e et remise au secr\u00e9tariat scolarit\u00e9.<br><br><\/li>\n<li>Lorsque le passage en Premi\u00e8re STI2D est valid\u00e9e par le conseil de classe, le Rectorat proc\u00e8de \u00e0 l&rsquo;affectation.<br><br><\/li>\n<li>A l&rsquo;issue de cette affectation, il faudra proc\u00e9der \u00e0 l&rsquo;inscription administrative.<\/li>\n<\/ul><\/details><details class=\"wp-block-details is-layout-flow wp-block-details-is-layout-flow\" style=\"font-style:normal;font-weight:700\"><summary>Comment s&rsquo;inscrire en Terminale STI2D au lyc\u00e9e Les Pierres Vives ?<\/summary><ul style=\"font-weight:normal;color:#909090;\">\n<li><strong>L&rsquo;\u00e9l\u00e8ve est d\u00e9j\u00e0 inscrit en Premi\u00e8re STI2D au lyc\u00e9e Les Pierres Vives :<\/strong> l&rsquo;affectation est de droit. Les informations seront fournies en fin d&rsquo;ann\u00e9e de Premi\u00e8re STI2D.<br><br><\/li>\n<li><strong>L&rsquo;\u00e9l\u00e8ve n&rsquo;est pas d\u00e9j\u00e0 inscrit au lyc\u00e9e Les Pierres Vives :<\/strong> il faut prendre rendez-vous aupr\u00e8s du <a href=\"https:\/\/lyceelespierresvives.fr\/?page_id=92&amp;contact_administration=alexandra.picquenot@ac-versailles.fr\" target=\"_blank\" rel=\"noreferrer noopener\">secr\u00e9tariat de direction<\/a>.<\/li>\n<\/ul><\/details>","protected":false},"excerpt":{"rendered":"<p>Seconde Premi\u00e8re et Terminale (voie g\u00e9n\u00e9rale) Premi\u00e8re et Terminale (voie STI2D)<\/p>\n","protected":false},"author":1,"featured_media":0,"parent":0,"menu_order":6100,"comment_status":"closed","ping_status":"closed","template":"","meta":{"inline_featured_image":false,"footnotes":""},"class_list":["post-34","page","type-page","status-publish","hentry"],"_links":{"self":[{"href":"https:\/\/lyceelespierresvives.fr\/index.php?rest_route=\/wp\/v2\/pages\/34","targetHints":{"allow":["GET"]}}],"collection":[{"href":"https:\/\/lyceelespierresvives.fr\/index.php?rest_route=\/wp\/v2\/pages"}],"about":[{"href":"https:\/\/lyceelespierresvives.fr\/index.php?rest_route=\/wp\/v2\/types\/page"}],"author":[{"embeddable":true,"href":"https:\/\/lyceelespierresvives.fr\/index.php?rest_route=\/wp\/v2\/users\/1"}],"replies":[{"embeddable":true,"href":"https:\/\/lyceelespierresvives.fr\/index.php?rest_route=%2Fwp%2Fv2%2Fcomments&post=34"}],"version-history":[{"count":9,"href":"https:\/\/lyceelespierresvives.fr\/index.php?rest_route=\/wp\/v2\/pages\/34\/revisions"}],"predecessor-version":[{"id":1128,"href":"https:\/\/lyceelespierresvives.fr\/index.php?rest_route=\/wp\/v2\/pages\/34\/revisions\/1128"}],"wp:attachment":[{"href":"https:\/\/lyceelespierresvives.fr\/index.php?rest_route=%2Fwp%2Fv2%2Fmedia&parent=34"}],"curies":[{"name":"wp","href":"https:\/\/api.w.org\/{rel}","templated":true}]}}

<h3 class="wp-block-heading has-text-align-center has-base-color has-custom-color-1-background-color has-text-color has-background has-link-color wp-elements-75722b321d6a2a553dbb51f190906e90">Seconde</h3><details class="wp-block-details is-layout-flow wp-block-details-is-layout-flow" style="font-style:normal;font-weight:700"><summary>Comment postuler au lycée Les Pierres Vives pour une entrée en Seconde ?</summary><p style="font-weight:normal;color:#909090;">L&rsquo;inscription se fait au troisième trimestre de Troisième via l&rsquo;application <a href="https://educonnect.education.gouv.fr/idp/profile/SAML2/Redirect/SSO?execution=e1s1" target="_blank" rel="noreferrer noopener">EduConnect</a>. Se rapprocher de son collège.</p></details><details class="wp-block-details is-layout-flow wp-block-details-is-layout-flow" style="font-style:normal;font-weight:700"><summary>Quelle est la différence entre affectation et inscription ?</summary><ul style="font-weight:normal;color:#909090;">
<li>L&rsquo;affectation est le résultat affiché sur <a href="https://educonnect.education.gouv.fr/idp/profile/SAML2/Redirect/SSO?execution=e1s1" target="_blank" rel="noreferrer noopener">EduConnect</a> et <strong>ne vaut pas</strong> inscription dans l&rsquo;établissement.<br><br></li>
<li>L&rsquo;inscription sera finalisée lorsque les démarches administratives auprès du lycée auront été faites (voir les dates sur la <a href='https://lyceelespierresvives.fr/' target='_blank'>page d&rsquo;accueil</a> du lycée).</li>
</ul></details><details class="wp-block-details is-layout-flow wp-block-details-is-layout-flow" style="font-style:normal;font-weight:700"><summary>Quand a lieu l&rsquo;inscription administrative au lycée Les Pierres Vives ?</summary><p style="font-weight:normal;color:#909090;">L&rsquo;inscription administrative a lieu après les résultats d&rsquo;affectation sur <a href="https://educonnect.education.gouv.fr/idp/profile/SAML2/Redirect/SSO?execution=e1s1" target="_blank" rel="noreferrer noopener">EduConnect</a>. Les dates et les modalités seront affichées sur la <a href='https://lyceelespierresvives.fr/' target='_blank'>page d&rsquo;accueil</a> du lycée.</p></details><details class="wp-block-details is-layout-flow wp-block-details-is-layout-flow" style="font-style:normal;font-weight:700"><summary>Quand dois-je choisir une filière ?</summary><p style="font-weight:normal;color:#909090;">Le choix de la filière se fait lors de la validation sur <a href="https://educonnect.education.gouv.fr/idp/profile/SAML2/Redirect/SSO?execution=e1s1" target="_blank" rel="noreferrer noopener">EduConnect</a>. Il y a trois choix possibles :</p>
<ul style="font-weight:normal;color:#909090;">
<li>Seconde générale et technologique ;<br><br></li>
<li>Seconde générale et technologique Euro Allemand ;<br><br></li>
<li>Seconde générale et technologique Musique.</li>
</ul></details><details class="wp-block-details is-layout-flow wp-block-details-is-layout-flow" style="font-style:normal;font-weight:700"><summary>Quand dois-je choisir mes options ?</summary><p style="font-weight:normal;color:#909090;">Lors de l&rsquo;inscription administrative, l&rsquo;élève pourra choisir des options. Les choix possibles sont accessibles sur cette <a href="https://lyceelespierresvives.fr/?page_id=827" target="_blank" rel="noreferrer noopener">page</a>.</p></details><details class="wp-block-details is-layout-flow wp-block-details-is-layout-flow" style="font-style:normal;font-weight:700"><summary>Quand dois-je choisir mes modules péri-éducatifs ?</summary><p style="font-weight:normal;color:#909090;">Lors de la rentrée scolaire et en fonction de la date d&rsquo;ouverture des modules, l&rsquo;élève pourra choisir un ou plusieurs modules péri-éducatifs dont la liste est accessible sur cette <a href="https://lyceelespierresvives.fr/?page_id=174" target="_blank" rel="noreferrer noopener">page</a>.</p></details><div style="height:10px" aria-hidden="true" class="wp-block-spacer"></div><h3 class="wp-block-heading has-text-align-center has-base-color has-custom-color-1-background-color has-text-color has-background has-link-color wp-elements-f6a7e16725324559207c7a7f6c019d8b">Première et Terminale (voie générale)</h3><details class="wp-block-details is-layout-flow wp-block-details-is-layout-flow" style="font-style:normal;font-weight:700"><summary>Comment s&rsquo;inscrire en Première ou Terminale générale au lycée Les Pierres Vives ?</summary><ul style="font-weight:normal;color:#909090;">
<li><strong>L&rsquo;élève est déjà inscrit au lycée Les Pierres Vives :</strong> l&rsquo;affectation est de droit. Les informations seront fournies en fin d&rsquo;année.<br><br></li>
<li><strong>L&rsquo;élève n&rsquo;est pas déjà inscrit au lycée Les Pierres Vives :</strong> il faut prendre rendez-vous auprès du <a href="https://lyceelespierresvives.fr/?page_id=92&amp;contact_administration=alexandra.picquenot@ac-versailles.fr" target="_blank" rel="noreferrer noopener">secrétariat de direction</a>.</li>
</ul></details><div style="height:10px" aria-hidden="true" class="wp-block-spacer"></div><h3 class="wp-block-heading has-text-align-center has-base-color has-custom-color-1-background-color has-text-color has-background has-link-color wp-elements-b518c99acfb6c2c9d618176ea5d39a93">Première et Terminale (voie STI2D)</h3><details class="wp-block-details is-layout-flow wp-block-details-is-layout-flow" style="font-style:normal;font-weight:700"><summary>Comment s&rsquo;inscrire en Première STI2D au lycée Les Pierres Vives ?</summary><ul style="font-weight:normal;color:#909090;">
<li>La demande de la filière STI2D doit être formulée sur <a href="https://educonnect.education.gouv.fr/idp/profile/SAML2/Redirect/SSO?execution=e1s1" target="_blank" rel="noreferrer noopener">EduConnect</a> lors des voeux de fin de Seconde.<br><br></li>
<li>En parallèle, la fiche papier de recueil des voeux permettant à l&rsquo;élève de classer par ordre de préférence ses voeux doit être complétée et remise au secrétariat scolarité.<br><br></li>
<li>Lorsque le passage en Première STI2D est validée par le conseil de classe, le Rectorat procède à l&rsquo;affectation.<br><br></li>
<li>A l&rsquo;issue de cette affectation, il faudra procéder à l&rsquo;inscription administrative.</li>
</ul></details><details class="wp-block-details is-layout-flow wp-block-details-is-layout-flow" style="font-style:normal;font-weight:700"><summary>Comment s&rsquo;inscrire en Terminale STI2D au lycée Les Pierres Vives ?</summary><ul style="font-weight:normal;color:#909090;">
<li><strong>L&rsquo;élève est déjà inscrit en Première STI2D au lycée Les Pierres Vives :</strong> l&rsquo;affectation est de droit. Les informations seront fournies en fin d&rsquo;année de Première STI2D.<br><br></li>
<li><strong>L&rsquo;élève n&rsquo;est pas déjà inscrit au lycée Les Pierres Vives :</strong> il faut prendre rendez-vous auprès du <a href="https://lyceelespierresvives.fr/?page_id=92&amp;contact_administration=alexandra.picquenot@ac-versailles.fr" target="_blank" rel="noreferrer noopener">secrétariat de direction</a>.</li>
</ul></details>

<p>Seconde Première et Terminale (voie générale) Première et Terminale (voie STI2D)</p>
