{"id":2009,"date":"2025-02-04T13:30:05","date_gmt":"2025-02-04T12:30:05","guid":{"rendered":"https:\/\/lyceelespierresvives.fr\/?page_id=2009"},"modified":"2025-02-04T18:28:24","modified_gmt":"2025-02-04T17:28:24","slug":"phare","status":"publish","type":"page","link":"https:\/\/lyceelespierresvives.fr\/?page_id=2009","title":{"rendered":"Phare"},"content":{"rendered":"<p>Le lyc\u00e9e Les Pierres Vives s\u2019est engag\u00e9 dans le dispositif p<strong>HAR<\/strong>e (<strong>P<\/strong>rogramme de lutte contre le <strong>HAR<\/strong>c\u00e8lement \u00e0 l\u2019<strong>E<\/strong>cole). D\u00e9sormais obligatoire dans tous les \u00e9tablissements fran\u00e7ais, ce programme a pour vocation de pr\u00e9venir et de lutter contre le harc\u00e8lement scolaire ainsi que le cyberharc\u00e8lement.<\/p><p>Pour ce faire, une \u00e9quipe pluricat\u00e9gorielle interne au lyc\u00e9e a \u00e9t\u00e9 form\u00e9e aux techniques de prise en charge des situations d\u2019intimidation et de harc\u00e8lement. D\u00e9nomm\u00e9e <strong>\u00ab\u00a0Les Pierres Veillent\u00a0\u00bb<\/strong>, cette brigade constitue un p\u00f4le ressource visant \u00e0 pr\u00e9server les \u00e9l\u00e8ves \u00ab\u00a0[\u2026] de tout propos ou comportement humiliant [\u2026]. En outre, ils doivent b\u00e9n\u00e9ficier de garanties de protection contre toute violence physique et morale\u00a0\u00bb (article L 11-2 du code de l\u2019\u00e9ducation). A ce titre, le protocole de lutte contre le harc\u00e8lement peut \u00eatre engag\u00e9 lors d\u2019une possible situation d\u2019intimidation scolaire rencontr\u00e9e au sein de l\u2019\u00e9tablissement.<\/p><ul class=\"wp-block-list\"><li>A cet effet, des outils sp\u00e9cifiques sont mis \u00e0 votre disposition sur le site du lyc\u00e9e\u00a0:<ul class=\"wp-block-list\"><li><strong>Une grille r\u00e9pertoriant les signaux faibles de l\u2019intimidation \/du harc\u00e8lement\u00a0<\/strong>: ce document permet de d\u00e9tecter les indicateurs d\u2019un mal-\u00eatre. Ils doivent \u00eatre multiples et r\u00e9p\u00e9t\u00e9s pour que le harc\u00e8lement\/l\u2019intimidation soit effectif.<\/li>\n\n<li><strong>Une adresse mail d\u00e9di\u00e9e \u00e0 l\u2019\u00e9quipe pHARE<\/strong> pour r\u00e9pondre \u00e0 toutes vos questions sur le sujet\u00a0: lespierresveillent@monlycee.net<\/li><\/ul><\/li><\/ul><ul class=\"wp-block-list\"><li>D\u2019autres moyens sont mis en place au sein du lyc\u00e9e\u00a0:<ul class=\"wp-block-list\"><li><strong>Une salle d\u00e9di\u00e9e \u00e0 l\u2019\u00e9coute pour lib\u00e9rer la parole des \u00e9l\u00e8ves<\/strong>\u00a0: localis\u00e9e au bureau de la PsyEN, elle garantit une totale confidentialit\u00e9.<\/li>\n\n<li><strong>Les bureaux des CPE et l\u2019infirmerie<\/strong><\/li><\/ul><\/li><\/ul><div class=\"wp-block-columns is-layout-flex wp-container-core-columns-is-layout-28f84493 wp-block-columns-is-layout-flex\"><div class=\"wp-block-column is-layout-flow wp-block-column-is-layout-flow\"><ul class=\"wp-block-list\"><li><strong>Une bo\u00eete aux lettres \u00ab\u00a0Les Pierres veillent\u00a0\u00bb<\/strong> pour signaler, en toute discr\u00e9tion, les situations de harc\u00e8lement et d\u2019intimidation. Situ\u00e9e au niveau de l\u2019entr\u00e9e du petit r\u00e9fectoire, les \u00e9l\u00e8ves t\u00e9moins comme victimes peuvent y poster des messages de mani\u00e8re anonyme ou non.<\/li><\/ul><\/div>\n\n<div class=\"wp-block-column is-layout-flow wp-block-column-is-layout-flow\"><figure class=\"wp-block-image aligncenter size-full\"><img loading=\"lazy\" decoding=\"async\" width=\"437\" height=\"277\" src=\"https:\/\/lyceelespierresvives.fr\/wp-content\/uploads\/2025\/02\/lettre_de_pre_sentation_phare_parents_et_e_le_ves.png\" alt=\"\" class=\"wp-image-2014\" srcset=\"https:\/\/lyceelespierresvives.fr\/wp-content\/uploads\/2025\/02\/lettre_de_pre_sentation_phare_parents_et_e_le_ves.png 437w, https:\/\/lyceelespierresvives.fr\/wp-content\/uploads\/2025\/02\/lettre_de_pre_sentation_phare_parents_et_e_le_ves-300x190.png 300w\" sizes=\"auto, (max-width: 437px) 100vw, 437px\" \/><\/figure><\/div><\/div><ul class=\"wp-block-list\"><li>Enfin, au niveau national, une plateforme commune pour le harc\u00e8lement et le cyberharc\u00e8lement (service et appel gratuits au num\u00e9ro 3018)<\/li><\/ul><figure class=\"wp-block-image aligncenter size-full\"><img loading=\"lazy\" decoding=\"async\" width=\"680\" height=\"383\" src=\"https:\/\/lyceelespierresvives.fr\/wp-content\/uploads\/2025\/02\/3018-Vignette-article-Copie.png\" alt=\"\" class=\"wp-image-2015\" srcset=\"https:\/\/lyceelespierresvives.fr\/wp-content\/uploads\/2025\/02\/3018-Vignette-article-Copie.png 680w, https:\/\/lyceelespierresvives.fr\/wp-content\/uploads\/2025\/02\/3018-Vignette-article-Copie-300x169.png 300w\" sizes=\"auto, (max-width: 680px) 100vw, 680px\" \/><\/figure>","protected":false},"excerpt":{"rendered":"<p>Le lyc\u00e9e Les Pierres Vives s\u2019est engag\u00e9 dans le dispositif pHARe (Programme de lutte contre le HARc\u00e8lement \u00e0 l\u2019Ecole). D\u00e9sormais obligatoire dans tous les \u00e9tablissements fran\u00e7ais, ce programme a pour vocation de pr\u00e9venir et de lutter contre le harc\u00e8lement scolaire ainsi que le cyberharc\u00e8lement. Pour ce faire, une \u00e9quipe pluricat\u00e9gorielle interne au lyc\u00e9e a \u00e9t\u00e9 [&hellip;]<\/p>\n","protected":false},"author":2,"featured_media":0,"parent":0,"menu_order":0,"comment_status":"closed","ping_status":"closed","template":"","meta":{"inline_featured_image":false,"footnotes":""},"class_list":["post-2009","page","type-page","status-publish","hentry"],"_links":{"self":[{"href":"https:\/\/lyceelespierresvives.fr\/index.php?rest_route=\/wp\/v2\/pages\/2009","targetHints":{"allow":["GET"]}}],"collection":[{"href":"https:\/\/lyceelespierresvives.fr\/index.php?rest_route=\/wp\/v2\/pages"}],"about":[{"href":"https:\/\/lyceelespierresvives.fr\/index.php?rest_route=\/wp\/v2\/types\/page"}],"author":[{"embeddable":true,"href":"https:\/\/lyceelespierresvives.fr\/index.php?rest_route=\/wp\/v2\/users\/2"}],"replies":[{"embeddable":true,"href":"https:\/\/lyceelespierresvives.fr\/index.php?rest_route=%2Fwp%2Fv2%2Fcomments&post=2009"}],"version-history":[{"count":5,"href":"https:\/\/lyceelespierresvives.fr\/index.php?rest_route=\/wp\/v2\/pages\/2009\/revisions"}],"predecessor-version":[{"id":2016,"href":"https:\/\/lyceelespierresvives.fr\/index.php?rest_route=\/wp\/v2\/pages\/2009\/revisions\/2016"}],"wp:attachment":[{"href":"https:\/\/lyceelespierresvives.fr\/index.php?rest_route=%2Fwp%2Fv2%2Fmedia&parent=2009"}],"curies":[{"name":"wp","href":"https:\/\/api.w.org\/{rel}","templated":true}]}}