{"id":1360,"date":"2025-01-14T09:21:20","date_gmt":"2025-01-14T08:21:20","guid":{"rendered":"https:\/\/lyceelespierresvives.fr\/?page_id=1360"},"modified":"2025-01-14T12:40:10","modified_gmt":"2025-01-14T11:40:10","slug":"orientation-entree-en-seconde-inscription","status":"publish","type":"page","link":"https:\/\/lyceelespierresvives.fr\/?page_id=1360","title":{"rendered":"Orientation &#8211; Entr\u00e9e en Seconde: Inscription"},"content":{"rendered":"<p>L\u2019inscription administrative a lieu apr\u00e8s les r\u00e9sultats d\u2019affectation sur\u00a0<a href=\"https:\/\/educonnect.education.gouv.fr\/idp\/profile\/SAML2\/Redirect\/SSO?execution=e1s1\" target=\"_blank\" rel=\"noreferrer noopener\">EduConnect<\/a>. Les dates et les modalit\u00e9s seront affich\u00e9es sur la\u00a0<a href=\"https:\/\/lyceelespierresvives.fr\/\">page d\u2019accueil<\/a>\u00a0du lyc\u00e9e et sur cette page fin juin d\u00e9but juillet.<\/p><p>L&rsquo;inscription consiste en un d\u00e9p\u00f4t d&rsquo;un dossier administratif comprenant plusieurs documents ainsi que les choix d&rsquo;<a href=\"https:\/\/lyceelespierresvives.fr\/?page_id=827\" data-type=\"page\" data-id=\"827\">options<\/a>.<\/p><div class=\"wp-block-columns has-sidebar-shadow-color-background-color has-background is-layout-flex wp-container-core-columns-is-layout-28f84493 wp-block-columns-is-layout-flex\"><div class=\"wp-block-column is-layout-flow wp-block-column-is-layout-flow\"><p class=\"has-text-align-center has-base-color has-custom-color-1-background-color has-text-color has-background has-link-color wp-elements-ed16db23e0c5d89057aaa3b04dc1e322\"><a href=\"https:\/\/lyceelespierresvives.fr\/?page_id=1351\" data-type=\"page\" data-id=\"1351\">Voir les modalit\u00e9s de candidature en Seconde<\/a><\/p><\/div>\n\n<div class=\"wp-block-column is-layout-flow wp-block-column-is-layout-flow\"><p class=\"has-text-align-center has-base-color has-custom-color-1-background-color has-text-color has-background has-link-color wp-elements-30c96273a848bd67ad8e2c4597eb3729\"><a href=\"https:\/\/lyceelespierresvives.fr\/?page_id=1356\" data-type=\"page\" data-id=\"1356\">Voir les modalit\u00e9s d&rsquo;affectation en Seconde<\/a><\/p><\/div><\/div>","protected":false},"excerpt":{"rendered":"<p>L\u2019inscription administrative a lieu apr\u00e8s les r\u00e9sultats d\u2019affectation sur\u00a0EduConnect. Les dates et les modalit\u00e9s seront affich\u00e9es sur la\u00a0page d\u2019accueil\u00a0du lyc\u00e9e et sur cette page fin juin d\u00e9but juillet. L&rsquo;inscription consiste en un d\u00e9p\u00f4t d&rsquo;un dossier administratif comprenant plusieurs documents ainsi que les choix d&rsquo;options. Voir les modalit\u00e9s de candidature en Seconde Voir les modalit\u00e9s d&rsquo;affectation [&hellip;]<\/p>\n","protected":false},"author":2,"featured_media":0,"parent":0,"menu_order":0,"comment_status":"closed","ping_status":"closed","template":"","meta":{"inline_featured_image":false,"footnotes":""},"class_list":["post-1360","page","type-page","status-publish","hentry"],"_links":{"self":[{"href":"https:\/\/lyceelespierresvives.fr\/index.php?rest_route=\/wp\/v2\/pages\/1360","targetHints":{"allow":["GET"]}}],"collection":[{"href":"https:\/\/lyceelespierresvives.fr\/index.php?rest_route=\/wp\/v2\/pages"}],"about":[{"href":"https:\/\/lyceelespierresvives.fr\/index.php?rest_route=\/wp\/v2\/types\/page"}],"author":[{"embeddable":true,"href":"https:\/\/lyceelespierresvives.fr\/index.php?rest_route=\/wp\/v2\/users\/2"}],"replies":[{"embeddable":true,"href":"https:\/\/lyceelespierresvives.fr\/index.php?rest_route=%2Fwp%2Fv2%2Fcomments&post=1360"}],"version-history":[{"count":2,"href":"https:\/\/lyceelespierresvives.fr\/index.php?rest_route=\/wp\/v2\/pages\/1360\/revisions"}],"predecessor-version":[{"id":1378,"href":"https:\/\/lyceelespierresvives.fr\/index.php?rest_route=\/wp\/v2\/pages\/1360\/revisions\/1378"}],"wp:attachment":[{"href":"https:\/\/lyceelespierresvives.fr\/index.php?rest_route=%2Fwp%2Fv2%2Fmedia&parent=1360"}],"curies":[{"name":"wp","href":"https:\/\/api.w.org\/{rel}","templated":true}]}}

Orientation &#8211; Entrée en Seconde: Inscription

<p>L’inscription administrative a lieu après les résultats d’affectation sur <a href="https://educonnect.education.gouv.fr/idp/profile/SAML2/Redirect/SSO?execution=e1s1" target="_blank" rel="noreferrer noopener">EduConnect</a>. Les dates et les modalités seront affichées sur la <a href="https://lyceelespierresvives.fr/">page d’accueil</a> du lycée et sur cette page fin juin début juillet.</p><p>L&rsquo;inscription consiste en un dépôt d&rsquo;un dossier administratif comprenant plusieurs documents ainsi que les choix d&rsquo;<a href="https://lyceelespierresvives.fr/?page_id=827" data-type="page" data-id="827">options</a>.</p><div class="wp-block-columns has-sidebar-shadow-color-background-color has-background is-layout-flex wp-container-core-columns-is-layout-28f84493 wp-block-columns-is-layout-flex"><div class="wp-block-column is-layout-flow wp-block-column-is-layout-flow"><p class="has-text-align-center has-base-color has-custom-color-1-background-color has-text-color has-background has-link-color wp-elements-ed16db23e0c5d89057aaa3b04dc1e322"><a href="https://lyceelespierresvives.fr/?page_id=1351" data-type="page" data-id="1351">Voir les modalités de candidature en Seconde</a></p></div>

<div class="wp-block-column is-layout-flow wp-block-column-is-layout-flow"><p class="has-text-align-center has-base-color has-custom-color-1-background-color has-text-color has-background has-link-color wp-elements-30c96273a848bd67ad8e2c4597eb3729"><a href="https://lyceelespierresvives.fr/?page_id=1356" data-type="page" data-id="1356">Voir les modalités d&rsquo;affectation en Seconde</a></p></div></div>

<p>L’inscription administrative a lieu après les résultats d’affectation sur EduConnect. Les dates et les modalités seront affichées sur la page d’accueil du lycée et sur cette page fin juin début juillet. L&rsquo;inscription consiste en un dépôt d&rsquo;un dossier administratif comprenant plusieurs documents ainsi que les choix d&rsquo;options. Voir les modalités de candidature en Seconde Voir les modalités d&rsquo;affectation [&hellip;]</p>
