{"id":1351,"date":"2025-01-14T09:09:06","date_gmt":"2025-01-14T08:09:06","guid":{"rendered":"https:\/\/lyceelespierresvives.fr\/?page_id=1351"},"modified":"2025-01-14T12:40:43","modified_gmt":"2025-01-14T11:40:43","slug":"orientation-entree-en-seconde-candidature","status":"publish","type":"page","link":"https:\/\/lyceelespierresvives.fr\/?page_id=1351","title":{"rendered":"Orientation &#8211; Entr\u00e9e en Seconde : Candidature"},"content":{"rendered":"<p>Les \u00e9l\u00e8ves souhaitant postuler au Lyc\u00e9e Les Pierres Vives apr\u00e8s la Troisi\u00e8me doivent effectuer leur demande au troisi\u00e8me trimestre de troisi\u00e8me via la plateforme <a href=\"https:\/\/educonnect.education.gouv.fr\/idp\/profile\/SAML2\/Redirect\/SSO?execution=e1s1\" data-type=\"link\" data-id=\"https:\/\/educonnect.education.gouv.fr\/idp\/profile\/SAML2\/Redirect\/SSO?execution=e1s1\" target=\"_blank\" rel=\"noreferrer noopener\">EduConnect<\/a>. Pour toute question, les familles doivent se rapprocher du coll\u00e8ge de leur enfant.<\/p><p>Il est possible de postuler au Lyc\u00e9e Les Pierres Vives m\u00eame si le lyc\u00e9e Les Pierres Vives n&rsquo;est pas le lyc\u00e9e de secteur.<\/p><p>Pour voir les fili\u00e8res, les options, les modules p\u00e9riscolaires propos\u00e9s au Lyc\u00e9e Les Pierres Vives, veuillez cliquer sur les liens ci-dessous.<\/p><div class=\"wp-block-columns has-sidebar-shadow-color-background-color has-background is-layout-flex wp-container-core-columns-is-layout-28f84493 wp-block-columns-is-layout-flex\"><div class=\"wp-block-column is-layout-flow wp-block-column-is-layout-flow\"><p class=\"has-text-align-center has-base-color has-custom-color-1-background-color has-text-color has-background has-link-color wp-elements-d2843241522f5330f85daa1a48d8e29c\"><a href=\"https:\/\/lyceelespierresvives.fr\/?page_id=784\" data-type=\"page\" data-id=\"784\">Voir les fili\u00e8res en Seconde<\/a><\/p><\/div>\n\n<div class=\"wp-block-column is-layout-flow wp-block-column-is-layout-flow\"><p class=\"has-text-align-center has-base-color has-custom-color-1-background-color has-text-color has-background has-link-color wp-elements-4b523a90a71267fcfe1e403fba89bc54\"><a href=\"https:\/\/lyceelespierresvives.fr\/?page_id=827\" data-type=\"page\" data-id=\"827\">Voir les options en Seconde<\/a><\/p><\/div>\n\n<div class=\"wp-block-column is-layout-flow wp-block-column-is-layout-flow\"><p class=\"has-text-align-center has-base-color has-custom-color-1-background-color has-text-color has-background has-link-color wp-elements-8ee16f7963b28b8bc0a73c623a05181d\"><a href=\"https:\/\/lyceelespierresvives.fr\/?page_id=174\">Voir les modules p\u00e9ri-\u00e9ducatifs<\/a><\/p><\/div><\/div><div class=\"wp-block-columns has-sidebar-shadow-color-background-color has-background is-layout-flex wp-container-core-columns-is-layout-28f84493 wp-block-columns-is-layout-flex\"><div class=\"wp-block-column is-layout-flow wp-block-column-is-layout-flow\"><p class=\"has-text-align-center has-base-color has-custom-color-1-background-color has-text-color has-background has-link-color wp-elements-30c96273a848bd67ad8e2c4597eb3729\"><a href=\"https:\/\/lyceelespierresvives.fr\/?page_id=1356\" data-type=\"page\" data-id=\"1356\">Voir les modalit\u00e9s d&rsquo;affectation en Seconde<\/a><\/p><\/div>\n\n<div class=\"wp-block-column is-layout-flow wp-block-column-is-layout-flow\"><p class=\"has-text-align-center has-base-color has-custom-color-1-background-color has-text-color has-background has-link-color wp-elements-e784ae4200dfe804ea31124b32904215\"><a href=\"https:\/\/lyceelespierresvives.fr\/?page_id=1360\" data-type=\"page\" data-id=\"1360\">Voir les modalit\u00e9s d&rsquo;inscription en Seconde<\/a><\/p><\/div><\/div>","protected":false},"excerpt":{"rendered":"<p>Les \u00e9l\u00e8ves souhaitant postuler au Lyc\u00e9e Les Pierres Vives apr\u00e8s la Troisi\u00e8me doivent effectuer leur demande au troisi\u00e8me trimestre de troisi\u00e8me via la plateforme EduConnect. Pour toute question, les familles doivent se rapprocher du coll\u00e8ge de leur enfant. Il est possible de postuler au Lyc\u00e9e Les Pierres Vives m\u00eame si le lyc\u00e9e Les Pierres Vives [&hellip;]<\/p>\n","protected":false},"author":2,"featured_media":0,"parent":0,"menu_order":0,"comment_status":"closed","ping_status":"closed","template":"","meta":{"inline_featured_image":false,"footnotes":""},"class_list":["post-1351","page","type-page","status-publish","hentry"],"_links":{"self":[{"href":"https:\/\/lyceelespierresvives.fr\/index.php?rest_route=\/wp\/v2\/pages\/1351","targetHints":{"allow":["GET"]}}],"collection":[{"href":"https:\/\/lyceelespierresvives.fr\/index.php?rest_route=\/wp\/v2\/pages"}],"about":[{"href":"https:\/\/lyceelespierresvives.fr\/index.php?rest_route=\/wp\/v2\/types\/page"}],"author":[{"embeddable":true,"href":"https:\/\/lyceelespierresvives.fr\/index.php?rest_route=\/wp\/v2\/users\/2"}],"replies":[{"embeddable":true,"href":"https:\/\/lyceelespierresvives.fr\/index.php?rest_route=%2Fwp%2Fv2%2Fcomments&post=1351"}],"version-history":[{"count":7,"href":"https:\/\/lyceelespierresvives.fr\/index.php?rest_route=\/wp\/v2\/pages\/1351\/revisions"}],"predecessor-version":[{"id":1379,"href":"https:\/\/lyceelespierresvives.fr\/index.php?rest_route=\/wp\/v2\/pages\/1351\/revisions\/1379"}],"wp:attachment":[{"href":"https:\/\/lyceelespierresvives.fr\/index.php?rest_route=%2Fwp%2Fv2%2Fmedia&parent=1351"}],"curies":[{"name":"wp","href":"https:\/\/api.w.org\/{rel}","templated":true}]}}

Orientation &#8211; Entrée en Seconde : Candidature

<p>Les élèves souhaitant postuler au Lycée Les Pierres Vives après la Troisième doivent effectuer leur demande au troisième trimestre de troisième via la plateforme <a href="https://educonnect.education.gouv.fr/idp/profile/SAML2/Redirect/SSO?execution=e1s1" data-type="link" data-id="https://educonnect.education.gouv.fr/idp/profile/SAML2/Redirect/SSO?execution=e1s1" target="_blank" rel="noreferrer noopener">EduConnect</a>. Pour toute question, les familles doivent se rapprocher du collège de leur enfant.</p><p>Il est possible de postuler au Lycée Les Pierres Vives même si le lycée Les Pierres Vives n&rsquo;est pas le lycée de secteur.</p><p>Pour voir les filières, les options, les modules périscolaires proposés au Lycée Les Pierres Vives, veuillez cliquer sur les liens ci-dessous.</p><div class="wp-block-columns has-sidebar-shadow-color-background-color has-background is-layout-flex wp-container-core-columns-is-layout-28f84493 wp-block-columns-is-layout-flex"><div class="wp-block-column is-layout-flow wp-block-column-is-layout-flow"><p class="has-text-align-center has-base-color has-custom-color-1-background-color has-text-color has-background has-link-color wp-elements-d2843241522f5330f85daa1a48d8e29c"><a href="https://lyceelespierresvives.fr/?page_id=784" data-type="page" data-id="784">Voir les filières en Seconde</a></p></div>

<div class="wp-block-column is-layout-flow wp-block-column-is-layout-flow"><p class="has-text-align-center has-base-color has-custom-color-1-background-color has-text-color has-background has-link-color wp-elements-4b523a90a71267fcfe1e403fba89bc54"><a href="https://lyceelespierresvives.fr/?page_id=827" data-type="page" data-id="827">Voir les options en Seconde</a></p></div>

<div class="wp-block-column is-layout-flow wp-block-column-is-layout-flow"><p class="has-text-align-center has-base-color has-custom-color-1-background-color has-text-color has-background has-link-color wp-elements-8ee16f7963b28b8bc0a73c623a05181d"><a href="https://lyceelespierresvives.fr/?page_id=174">Voir les modules péri-éducatifs</a></p></div></div><div class="wp-block-columns has-sidebar-shadow-color-background-color has-background is-layout-flex wp-container-core-columns-is-layout-28f84493 wp-block-columns-is-layout-flex"><div class="wp-block-column is-layout-flow wp-block-column-is-layout-flow"><p class="has-text-align-center has-base-color has-custom-color-1-background-color has-text-color has-background has-link-color wp-elements-30c96273a848bd67ad8e2c4597eb3729"><a href="https://lyceelespierresvives.fr/?page_id=1356" data-type="page" data-id="1356">Voir les modalités d&rsquo;affectation en Seconde</a></p></div>

<div class="wp-block-column is-layout-flow wp-block-column-is-layout-flow"><p class="has-text-align-center has-base-color has-custom-color-1-background-color has-text-color has-background has-link-color wp-elements-e784ae4200dfe804ea31124b32904215"><a href="https://lyceelespierresvives.fr/?page_id=1360" data-type="page" data-id="1360">Voir les modalités d&rsquo;inscription en Seconde</a></p></div></div>

<p>Les élèves souhaitant postuler au Lycée Les Pierres Vives après la Troisième doivent effectuer leur demande au troisième trimestre de troisième via la plateforme EduConnect. Pour toute question, les familles doivent se rapprocher du collège de leur enfant. Il est possible de postuler au Lycée Les Pierres Vives même si le lycée Les Pierres Vives [&hellip;]</p>
