{"id":1169,"date":"2024-12-15T22:46:33","date_gmt":"2024-12-15T21:46:33","guid":{"rendered":"https:\/\/lyceelespierresvives.fr\/?page_id=1169"},"modified":"2025-01-20T12:29:02","modified_gmt":"2025-01-20T11:29:02","slug":"premiere-et-terminale-sti2d-presentation","status":"publish","type":"page","link":"https:\/\/lyceelespierresvives.fr\/?page_id=1169","title":{"rendered":"Les formations &#8211; classes de Premi\u00e8re et terminale (voie STI2D)"},"content":{"rendered":"<p>A l\u2019issue de la classe de Seconde, pendant la phase d\u2019orientation, les \u00e9l\u00e8ves pourront int\u00e9grer le cycle Terminal de la voie technologique STI2D qui les conduira jusqu\u2019au baccalaur\u00e9at technologique et, durant lequel, ils affineront, davantage encore, leur projet d\u2019orientation.<\/p><p class=\"has-custom-color-1-color has-custom-color-3-background-color has-text-color has-background has-link-color has-large-font-size wp-elements-2132f89c2dbf8e6f06c5bf7729b6e485\"><a href=\"https:\/\/lyceelespierresvives.fr\/?page_id=1142\" data-type=\"page\" data-id=\"1142\">1<\/a><a href=\"https:\/\/lyceelespierresvives.fr\/?page_id=1173\">. Le tronc commun<\/a><\/p><p class=\"has-custom-color-1-color has-custom-color-3-background-color has-text-color has-background has-link-color has-large-font-size wp-elements-0abc545eaa198d233c733394a1fc1f68\"><a href=\"https:\/\/lyceelespierresvives.fr\/?page_id=1179\" data-type=\"page\" data-id=\"1179\">2. Les sp\u00e9cialit\u00e9s<\/a><\/p><p class=\"has-custom-color-1-color has-custom-color-3-background-color has-text-color has-background has-link-color has-large-font-size wp-elements-709a8fbd184f91423df51f42a79e119c\">3. <a href=\"https:\/\/lyceelespierresvives.fr\/?page_id=1685\" data-type=\"page\" data-id=\"1685\">Les options<\/a><\/p><p class=\"has-custom-color-1-color has-custom-color-3-background-color has-text-color has-background has-link-color has-large-font-size wp-elements-79b59224ef56d186f5ae34a880b46260\"><a href=\"https:\/\/lyceelespierresvives.fr\/?page_id=174\" data-type=\"page\" data-id=\"174\">4. Les modules p\u00e9ri-\u00e9ducatifs<\/a><\/p>","protected":false},"excerpt":{"rendered":"<p>A l\u2019issue de la classe de Seconde, pendant la phase d\u2019orientation, les \u00e9l\u00e8ves pourront int\u00e9grer le cycle Terminal de la voie technologique STI2D qui les conduira jusqu\u2019au baccalaur\u00e9at technologique et, durant lequel, ils affineront, davantage encore, leur projet d\u2019orientation. 1. Le tronc commun 2. Les sp\u00e9cialit\u00e9s 3. Les options 4. Les modules p\u00e9ri-\u00e9ducatifs<\/p>\n","protected":false},"author":2,"featured_media":0,"parent":0,"menu_order":3300,"comment_status":"closed","ping_status":"closed","template":"","meta":{"inline_featured_image":false,"footnotes":""},"class_list":["post-1169","page","type-page","status-publish","hentry"],"_links":{"self":[{"href":"https:\/\/lyceelespierresvives.fr\/index.php?rest_route=\/wp\/v2\/pages\/1169","targetHints":{"allow":["GET"]}}],"collection":[{"href":"https:\/\/lyceelespierresvives.fr\/index.php?rest_route=\/wp\/v2\/pages"}],"about":[{"href":"https:\/\/lyceelespierresvives.fr\/index.php?rest_route=\/wp\/v2\/types\/page"}],"author":[{"embeddable":true,"href":"https:\/\/lyceelespierresvives.fr\/index.php?rest_route=\/wp\/v2\/users\/2"}],"replies":[{"embeddable":true,"href":"https:\/\/lyceelespierresvives.fr\/index.php?rest_route=%2Fwp%2Fv2%2Fcomments&post=1169"}],"version-history":[{"count":5,"href":"https:\/\/lyceelespierresvives.fr\/index.php?rest_route=\/wp\/v2\/pages\/1169\/revisions"}],"predecessor-version":[{"id":1688,"href":"https:\/\/lyceelespierresvives.fr\/index.php?rest_route=\/wp\/v2\/pages\/1169\/revisions\/1688"}],"wp:attachment":[{"href":"https:\/\/lyceelespierresvives.fr\/index.php?rest_route=%2Fwp%2Fv2%2Fmedia&parent=1169"}],"curies":[{"name":"wp","href":"https:\/\/api.w.org\/{rel}","templated":true}]}}

Les formations &#8211; classes de Première et terminale (voie STI2D)

<p>A l’issue de la classe de Seconde, pendant la phase d’orientation, les élèves pourront intégrer le cycle Terminal de la voie technologique STI2D qui les conduira jusqu’au baccalauréat technologique et, durant lequel, ils affineront, davantage encore, leur projet d’orientation.</p><p class="has-custom-color-1-color has-custom-color-3-background-color has-text-color has-background has-link-color has-large-font-size wp-elements-2132f89c2dbf8e6f06c5bf7729b6e485"><a href="https://lyceelespierresvives.fr/?page_id=1142" data-type="page" data-id="1142">1</a><a href="https://lyceelespierresvives.fr/?page_id=1173">. Le tronc commun</a></p><p class="has-custom-color-1-color has-custom-color-3-background-color has-text-color has-background has-link-color has-large-font-size wp-elements-0abc545eaa198d233c733394a1fc1f68"><a href="https://lyceelespierresvives.fr/?page_id=1179" data-type="page" data-id="1179">2. Les spécialités</a></p><p class="has-custom-color-1-color has-custom-color-3-background-color has-text-color has-background has-link-color has-large-font-size wp-elements-709a8fbd184f91423df51f42a79e119c">3. <a href="https://lyceelespierresvives.fr/?page_id=1685" data-type="page" data-id="1685">Les options</a></p><p class="has-custom-color-1-color has-custom-color-3-background-color has-text-color has-background has-link-color has-large-font-size wp-elements-79b59224ef56d186f5ae34a880b46260"><a href="https://lyceelespierresvives.fr/?page_id=174" data-type="page" data-id="174">4. Les modules péri-éducatifs</a></p>

<p>A l’issue de la classe de Seconde, pendant la phase d’orientation, les élèves pourront intégrer le cycle Terminal de la voie technologique STI2D qui les conduira jusqu’au baccalauréat technologique et, durant lequel, ils affineront, davantage encore, leur projet d’orientation. 1. Le tronc commun 2. Les spécialités 3. Les options 4. Les modules péri-éducatifs</p>
